23 + -25)/((-8)/76). Let h(d) = 38*d**2 + d + 1. Let n be h(-1). Calculate the greatest common factor of r and n.
19
Let y be (-1484)/(-21) - 2/3. Calculate the greatest common divisor of y and 40.
10
Let d = 21 - 25. Let j be (90/d)/((-45)/120). Let v = -43 - -63. Calculate the greatest common factor of j and v.
20
Let d be ((-4)/3)/((-2)/12). Suppose -2*q + 16 = -d. Suppose 226*r - 109*r - 32 = 109*r. What is the highest common factor of q and r?
4
Suppose 2*n - n = 4*j + 28, -n = 2*j + 2. Let k = 72 - 52. Calculate the highest common factor of k and n.
4
Let f be (-28)/(-70) + (-1)/((-10)/6156). What is the highest common factor of f and 56?
56
Suppose -2*n = -0*n - 24. Suppose -k = -b, -b - n = -2*k - 3*k. What is the highest common divisor of 3 and b?
3
Let p be 8/(-4)*5/2. Let c be (-2804)/(-20) - (-1)/p. Suppose 118 = 5*t + 18. What is the greatest common divisor of c and t?
20
Suppose -n + 6*n = 5*p + 25, -4*n = -2*p - 18. Suppose 0 = -2*u + n*o + 9 + 7, -2*o - 32 = -5*u. What is the highest common divisor of 42 and u?
6
Let a be (170/20)/(2/4). Suppose 762 = 5*r + 3*x, 4*r = 4*x + 435 + 181. Calculate the highest common factor of a and r.
17
Let u be (22/6)/((-1)/(-129)). Let o = -61 + 104. What is the highest common factor of u and o?
43
Suppose 2*l - 3*m = 705, -5*l + 2079 = -3*m + 339. What is the highest common divisor of 69 and l?
69
Let j = -42 + 29. Let m = j - -20. Let u(k) = k**2 + k + 28. Let v be u(0). What is the highest common divisor of m and v?
7
Suppose -d - d + 35 = 5*f, -2*f + 14 = -2*d. What is the highest common divisor of 1 and f?
1
Let z be (-1 - (3 + -5)) + 6. Let s(i) = 3*i**2 + 2*i + 7. Let j be s(-3). Calculate the greatest common factor of j and z.
7
Let v(d) = -2*d + 12. Suppose -3 - 6 = -3*w, -3*w - 26 = 5*m. Let n = -13 - m. Let u be v(n). Calculate the greatest common divisor of u and 16.
8
Let b be 12/1 - -1*(-3 - -4). Suppose b*m = -0*m + 143. Suppose -343 = -3*h + 4*z, -5*h + 536 = z - 74. Calculate the greatest common factor of m and h.
11
Let c be 5*(-7)/(7/(-12)). Suppose -3*n - 2*n + 15 = 0, 2*m + 3*n + 45 = 0. Let r be -18*(42/m - (-2)/9). What is the greatest common factor of c and r?
12
Suppose -2*f - 255 = -3*n - 5*f, 5*n = -f + 405. Let r be (4 + -2)*2 + n. Calculate the highest common divisor of r and 12.
12
Let c = 5 - 3. Suppose -4*z + 757 = s, -s = 4*z + c*s - 759. Let k be -6*(6/12 + -4). What is the highest common divisor of z and k?
21
Suppose -2*g = s - 36, -s - 5 = -1. Suppose -c = 3*j - g, -3*c - 3*j - j = -75. Calculate the greatest common factor of 174 and c.
29
Let u(q) = 4*q - 27. Let o be u(10). Let l be (-1632)/(-39) - ((-15)/o + 1). Calculate the greatest common divisor of l and 14.
14
Suppose 3*v + 43 = q, 0 = q - 2*v + 6*v - 8. Suppose 3*i - q = -3*z - 4, 2*z + 14 = 4*i. Calculate the highest common factor of 5 and i.
5
Let m be -18*(10/(-3))/5. Suppose -3*y = -2*s + 251 - 89, 0 = 2*y - 4. Calculate the greatest common divisor of s and m.
12
Let o(c) = 8*c**2 - 2*c - 15. Let q be o(11). Calculate the greatest common divisor of q and 49.
49
Let q(r) = 3*r**2 - 13. Let p be q(4). What is the highest common divisor of 315 and p?
35
Suppose -35*f + 5320 = 41*f. What is the greatest common divisor of 20 and f?
10
Suppose 4*h - 4*k = 280, -h - k = -0*h - 74. What is the greatest common factor of 54 and h?
18
Suppose -97 - 53 = -5*a. Suppose -3*o + a = -2*z, -5*z + 3 = o - 7. What is the highest common factor of 90 and o?
10
Suppose 7*q = 12 + 2. Let w be 8*4/(-16)*q + 58. What is the highest common divisor of 72 and w?
18
Let v be (-1)/4 - (-267)/12. Suppose 177 = -4*t - 247. Let n = 216 + t. What is the greatest common divisor of v and n?
22
Suppose 2520 = -15*f + 23*f. What is the greatest common divisor of f and 35?
35
Let i = -315 + 429. Calculate the highest common factor of i and 76.
38
Let t be 7 - -79 - 2/(-1). Let k = t + -128. Let d be 18/4*k/(-6). What is the highest common divisor of d and 5?
5
Let d(y) = y**3 + 6*y**2 + y - 3. Let o be d(-5). Suppose -4*u - 93 + 229 = 0. Calculate the greatest common divisor of u and o.
17
Suppose 0 = 4*o + 5*o - 648. What is the greatest common factor of 16 and o?
8
Let y(r) = -r**3 + 8*r**2 + 4*r - 11. Let a be y(8). Suppose 3*x + 51 = -a. Let n be ((-6)/5)/(x/320). What is the greatest common factor of 80 and n?
16
Let l be (-30)/25*(-280)/42. What is the greatest common factor of l and 548?
4
Suppose 0 = 5800*k - 5650*k - 3000. Let v(u) = -6*u + 4. Let q be v(-6). What is the greatest common divisor of k and q?
20
Let f be -3 + 210/4 + 8/16. Calculate the highest common divisor of 50 and f.
50
Let q = 88 + -114. Let l(d) = -d**3 - 24*d**2 + 52*d + 8. Let g be l(q). Let c be 7 + -1 + 2 - 0. Calculate the highest common divisor of g and c.
8
Suppose -f + 133 = 5*g, 22*f + 777 = 27*f - 3*g. Calculate the greatest common divisor of f and 357.
51
Let g(h) = -h**2 + 36*h - 112. Let s be g(32). Suppose 576 = w + 3*w. What is the highest common factor of s and w?
16
Suppose -11*n + 498 = -1218. Calculate the greatest common divisor of n and 48.
12
Let v = 1498 - 1490. Calculate the highest common divisor of v and 34.
2
Let r(s) = -34*s + 19. Let y be r(-4). Let u = 162 - 131. Calculate the highest common divisor of u and y.
31
Suppose -8 - 1 = -3*v. Suppose -v*i - 20 = -4*a - i, i = -2*a + 6. What is the greatest common factor of a and 1?
1
Suppose -4*c + 0*m = -2*m + 6, 5*c + 5 = 3*m. Let z(v) = -8*v + 4. Let j be z(c). What is the greatest common divisor of 54 and j?
18
Let o = 342 + -126. Calculate the highest common factor of 27 and o.
27
Let i = 388 - 268. What is the highest common divisor of 60 and i?
60
Let g(n) = -32*n - 245. Let p be g(-8). Calculate the greatest common divisor of 176 and p.
11
Let q(b) = 2*b - 16. Let v be q(13). Suppose v*j - 9*j - 36 = 0. What is the highest common factor of 9 and j?
9
Let f = -2 - -4. Suppose f*r = -y + 469, -4*y = -2*r - 0*y + 474. Suppose p - 658 + 1809 = 5*z, -r = -z - p. What is the highest common divisor of z and 21?
21
Suppose 94*b - 103*b + 405 = 0. Suppose -6*m + 11*m = 45. What is the greatest common divisor of b and m?
9
Suppose -s = -3*k + 4*k - 121, 0 = 5*s - 5. What is the greatest common factor of 72 and k?
24
Let q(n) = 16*n. Let p(l) = -15*l - 1. Let d(g) = -3*p(g) - 2*q(g). Let v be d(1). What is the greatest common factor of 4 and v?
4
Let h be 124/(-3)*12/(-2). Let b = h + -168. Calculate the highest common divisor of b and 20.
20
Suppose 61 = l + 59. Suppose 2*k - 3*j = -3, k = l*k + 3*j - 12. What is the greatest common divisor of k and 3?
3
Suppose -2*y = -5*p + 3*p, 4*p = -2*y + 18. Suppose 7*z + 3*j = 2*z + 61, 0 = -j - p. Calculate the greatest common factor of 21 and z.
7
Suppose 0 = -0*v - 2*v + 330. Suppose -7*m + 94 + 11 = 0. What is the greatest common factor of v and m?
15
Let q be -2*((-1116)/(-8))/(-9). Let p be (3 + -1)/2 - (-39 + 9). Calculate the greatest common factor of q and p.
31
Let o = -276 - -1175. Calculate the greatest common divisor of 58 and o.
29
Suppose -1 = -3*i - 4, 0 = 4*k - 4*i - 2092. What is the greatest common factor of k and 54?
18
Let t be (-47)/(2/(-2 + -16)). Suppose -22*r = -3*c - 25*r + 129, 0 = -2*c - 5*r + 74. What is the greatest common factor of c and t?
47
Suppose 0*j + j = 3. Let p = -148 - -220. Suppose -5*s + 2*s + p = 0. Calculate the highest common divisor of s and j.
3
Suppose -19*u + 20*u + 4*q = 1150, -q = -5*u + 5855. What is the greatest common divisor of 10 and u?
10
Let f be 2/10*-2*(-35)/14. What is the greatest common factor of 17 and f?
1
Suppose 3*w = -16 + 43. Calculate the greatest common factor of w and 279.
9
Let f(g) = 21*g**2 + 3*g - 3. Let q be f(1). Suppose -q = -3*v - 12. Calculate the greatest common factor of 12 and v.
3
Suppose -7*c + 4 = -8*c, -p = 2*c - 1492. Calculate the highest common divisor of 12 and p.
12
Suppose -4*z = 5*i + 207 + 16, -3*i = -2*z + 147. Let f = -89 - i. Let v = f - -60. Calculate the highest common divisor of v and 18.
18
Let z(j) = 14*j - 87. Let x be z(8). Calculate the greatest common divisor of x and 20.
5
Let l = -2245 + 2247. Let f = -84 + 150. Suppose -4*h + h + f = 0. What is the highest common factor of h and l?
2
Let a(w) be the first derivative of 9*w**2/2